{"id":49638,"date":"2020-08-24T15:34:17","date_gmt":"2020-08-24T13:34:17","guid":{"rendered":"https:\/\/choreos20.de\/?post_type=project&#038;p=49638"},"modified":"2020-09-10T10:30:03","modified_gmt":"2020-09-10T08:30:03","slug":"stephan-lutermann-kuenstlerischer-leiter","status":"publish","type":"project","link":"https:\/\/choreos20.de\/en\/project\/stephan-lutermann-kuenstlerischer-leiter\/","title":{"rendered":"Stephan Lutermann | artistic director"},"content":{"rendered":"<p>[et_pb_section fb_built=&#8221;1&#8243; _builder_version=&#8221;4.5.7&#8243; _module_preset=&#8221;default&#8221; custom_padding=&#8221;||2px|||&#8221; animation_style=&#8221;slide&#8221;][et_pb_row _builder_version=&#8221;4.5.7&#8243; _module_preset=&#8221;default&#8221;][et_pb_column type=&#8221;4_4&#8243; _builder_version=&#8221;4.5.7&#8243; _module_preset=&#8221;default&#8221;][et_pb_post_title _builder_version=&#8221;4.5.7&#8243; _module_preset=&#8221;default&#8221;][\/et_pb_post_title][\/et_pb_column][\/et_pb_row][\/et_pb_section][et_pb_section fb_built=&#8221;1&#8243; _builder_version=&#8221;4.5.7&#8243; _module_preset=&#8221;default&#8221; custom_padding=&#8221;13px||80px|||&#8221; animation_style=&#8221;slide&#8221;][et_pb_row column_structure=&#8221;1_3,1_3,1_3&#8243; _builder_version=&#8221;4.5.7&#8243; _module_preset=&#8221;default&#8221;][et_pb_column type=&#8221;1_3&#8243; _builder_version=&#8221;4.5.7&#8243; _module_preset=&#8221;default&#8221;][et_pb_image src=&#8221;https:\/\/choreos20.de\/wp-content\/uploads\/2020\/08\/stephan_lutermann_web_4.jpg&#8221; title_text=&#8221;stephan_lutermann_web_4&#8243; force_fullwidth=&#8221;on&#8221; _builder_version=&#8221;4.5.7&#8243; _module_preset=&#8221;default&#8221;][\/et_pb_image][\/et_pb_column][et_pb_column type=&#8221;1_3&#8243; _builder_version=&#8221;4.5.7&#8243; _module_preset=&#8221;default&#8221;][et_pb_divider divider_weight=&#8221;3px&#8221; _builder_version=&#8221;4.5.7&#8243; _module_preset=&#8221;default&#8221; width=&#8221;40%&#8221;][\/et_pb_divider][et_pb_text _builder_version=&#8221;4.5.7&#8243; _module_preset=&#8221;default&#8221;]<\/p>\n<p>Stephan Lutermann was born in Osnabr\u00fcck\/Germany and studied organ, church music and choral conducting in Salzburg and Cologne. As a much sought-after soloist, Lutermann regularly performs in Europe, North and South America, and Africa as an organist and pianist at major festivals and concert series. As a chamber music partner he complements his repertoire and field of activity.<\/p>\n<p>Various CD recordings as well as radio and television recordings reflect his wide-ranging repertoire and intensive engagement with questions of historical performance practice. As a conductor, Lutermann delights audiences on stages at home and abroad with his various choirs. Prizes at international competitions testify to the high quality of his choral work. Invitations as a speaker and juror round off his activities.\n\nTranslated with www.DeepL.com\/Translator (free version)<\/p>\n<p>In 2010, Lutermann initiated the 1st European Children's and Youth Choir Meeting \"Sing We And Chant It\", which with its affiliated symposium on the topic of \"Tendencies and Developments of the Children's Voice\" promoted the choral work of the next generation. The promotion of the young generation extends further to various cooperation projects with the Goethe Institute in Ghana and Burkina Faso.<\/p>\n<p>[\/et_pb_text][\/et_pb_column][et_pb_column type=&#8221;1_3&#8243; _builder_version=&#8221;4.5.7&#8243; _module_preset=&#8221;default&#8221;][et_pb_divider divider_weight=&#8221;3px&#8221; _builder_version=&#8221;4.5.7&#8243; _module_preset=&#8221;default&#8221; width=&#8221;40%&#8221;][\/et_pb_divider][et_pb_text _builder_version=&#8221;4.5.7&#8243; _module_preset=&#8221;default&#8221;]<\/p>\n<p>Lutermann works as <a href=\"https:\/\/www.matthaeusmusik.de\/\" target=\"_blank\" rel=\"noopener noreferrer\"><strong>Church musician at the St. Matth\u00e4us church in Melle<\/strong><\/a>where he plays and organizes concerts around the historic Klausing organ from 1713, restored by Hendrik Ahrend. In addition, he is a lecturer for choral conducting at the <a href=\"https:\/\/www.hs-osnabrueck.de\/ifm\/\" target=\"_blank\" rel=\"noopener noreferrer\"><strong>Osnabr\u00fcck University<\/strong><\/a> and director of the multiple award-winning chamber choir <a href=\"https:\/\/www.vokalconsort.de\/\" target=\"_blank\" rel=\"noopener noreferrer\"><strong>Vokalconsort Osnabr\u00fcck<\/strong><\/a>.<\/p>\n<p>In recent years, Lutermann, together with choreographer Lars Scheibner, has been intensively engaged in the scenic realization of choral works. In particular, their work with the St. John Passion by J. S. Bach and the German Requiem by Johannes Brahms have received widespread attention and enthusiasm. The foundation of the European top ensemble <a href=\"https:\/\/choreos20.eu\/news\/\" target=\"_blank\" rel=\"noopener noreferrer\"><strong>CHOREOS<\/strong><\/a> in 2016 is ultimately the logical continuation of this innovative work. It is the first ensemble of its kind in the world.<\/p>\n<p>[\/et_pb_text][\/et_pb_column][\/et_pb_row][\/et_pb_section][et_pb_section fb_built=&#8221;1&#8243; _builder_version=&#8221;4.5.7&#8243; _module_preset=&#8221;default&#8221; background_color=&#8221;#f4f4f4&#8243;][et_pb_row _builder_version=&#8221;4.5.7&#8243; _module_preset=&#8221;default&#8221;][et_pb_column type=&#8221;4_4&#8243; _builder_version=&#8221;4.5.7&#8243; _module_preset=&#8221;default&#8221;][et_pb_text _builder_version=&#8221;4.5.7&#8243; _module_preset=&#8221;default&#8221; border_width_bottom=&#8221;3px&#8221; border_color_bottom=&#8221;#ffffff&#8221;]<\/p>\n<h4>We are CHOREOS<\/h4>\n<p>[\/et_pb_text][\/et_pb_column][\/et_pb_row][et_pb_row _builder_version=&#8221;4.5.7&#8243; _module_preset=&#8221;default&#8221;][et_pb_column type=&#8221;4_4&#8243; _builder_version=&#8221;4.5.7&#8243; _module_preset=&#8221;default&#8221;][et_pb_filterable_portfolio posts_number=&#8221;50&#8243; include_categories=&#8221;3,7,9,8&#8243; _builder_version=&#8221;4.5.7&#8243; _module_preset=&#8221;default&#8221;][\/et_pb_filterable_portfolio][\/et_pb_column][\/et_pb_row][\/et_pb_section]<\/p>","protected":false},"excerpt":{"rendered":"<p>Stephan Lutermann wurde in Osnabr\u00fcck\/Deutschland geboren und studierte in Salzburg und K\u00f6ln Orgel, Kirchenmusik und Chorleitung.\u00a0Als vielgefragter Solist tritt Lutermann in Europa, Nord- und S\u00fcdamerika sowie Afrika als Organist und Pianist regelm\u00e4\u00dfig bei bedeutenden Festivals und Konzertreihen auf. Als Kammermusikpartner erg\u00e4nzt er sein Repertoire und T\u00e4tigkeitsfeld. Verschiedene CD-Einspielungen sowie Rundfunk- und Fernsehaufnahmen spiegeln sein breitgef\u00e4chertes [&hellip;]<\/p>","protected":false},"author":1,"featured_media":50163,"comment_status":"closed","ping_status":"closed","template":"","meta":{"_acf_changed":false,"_et_pb_use_builder":"on","_et_pb_old_content":"","_et_gb_content_width":""},"project_category":[2,11],"project_tag":[],"acf":[],"_links":{"self":[{"href":"https:\/\/choreos20.de\/en\/wp-json\/wp\/v2\/project\/49638"}],"collection":[{"href":"https:\/\/choreos20.de\/en\/wp-json\/wp\/v2\/project"}],"about":[{"href":"https:\/\/choreos20.de\/en\/wp-json\/wp\/v2\/types\/project"}],"author":[{"embeddable":true,"href":"https:\/\/choreos20.de\/en\/wp-json\/wp\/v2\/users\/1"}],"replies":[{"embeddable":true,"href":"https:\/\/choreos20.de\/en\/wp-json\/wp\/v2\/comments?post=49638"}],"version-history":[{"count":0,"href":"https:\/\/choreos20.de\/en\/wp-json\/wp\/v2\/project\/49638\/revisions"}],"wp:featuredmedia":[{"embeddable":true,"href":"https:\/\/choreos20.de\/en\/wp-json\/wp\/v2\/media\/50163"}],"wp:attachment":[{"href":"https:\/\/choreos20.de\/en\/wp-json\/wp\/v2\/media?parent=49638"}],"wp:term":[{"taxonomy":"project_category","embeddable":true,"href":"https:\/\/choreos20.de\/en\/wp-json\/wp\/v2\/project_category?post=49638"},{"taxonomy":"project_tag","embeddable":true,"href":"https:\/\/choreos20.de\/en\/wp-json\/wp\/v2\/project_tag?post=49638"}],"curies":[{"name":"wp","href":"https:\/\/api.w.org\/{rel}","templated":true}]}}

<p>[et_pb_section fb_built=&#8221;1&#8243; _builder_version=&#8221;4.5.7&#8243; _module_preset=&#8221;default&#8221; custom_padding=&#8221;||2px|||&#8221; animation_style=&#8221;slide&#8221;][et_pb_row _builder_version=&#8221;4.5.7&#8243; _module_preset=&#8221;default&#8221;][et_pb_column type=&#8221;4_4&#8243; _builder_version=&#8221;4.5.7&#8243; _module_preset=&#8221;default&#8221;][et_pb_post_title _builder_version=&#8221;4.5.7&#8243; _module_preset=&#8221;default&#8221;][/et_pb_post_title][/et_pb_column][/et_pb_row][/et_pb_section][et_pb_section fb_built=&#8221;1&#8243; _builder_version=&#8221;4.5.7&#8243; _module_preset=&#8221;default&#8221; custom_padding=&#8221;13px||80px|||&#8221; animation_style=&#8221;slide&#8221;][et_pb_row column_structure=&#8221;1_3,1_3,1_3&#8243; _builder_version=&#8221;4.5.7&#8243; _module_preset=&#8221;default&#8221;][et_pb_column type=&#8221;1_3&#8243; _builder_version=&#8221;4.5.7&#8243; _module_preset=&#8221;default&#8221;][et_pb_image src=&#8221;https://choreos20.de/wp-content/uploads/2020/08/stephan_lutermann_web_4.jpg&#8221; title_text=&#8221;stephan_lutermann_web_4&#8243; force_fullwidth=&#8221;on&#8221; _builder_version=&#8221;4.5.7&#8243; _module_preset=&#8221;default&#8221;][/et_pb_image][/et_pb_column][et_pb_column type=&#8221;1_3&#8243; _builder_version=&#8221;4.5.7&#8243; _module_preset=&#8221;default&#8221;][et_pb_divider divider_weight=&#8221;3px&#8221; _builder_version=&#8221;4.5.7&#8243; _module_preset=&#8221;default&#8221; width=&#8221;40%&#8221;][/et_pb_divider][et_pb_text _builder_version=&#8221;4.5.7&#8243; _module_preset=&#8221;default&#8221;]</p>
<p>Stephan Lutermann was born in Osnabrück/Germany and studied organ, church music and choral conducting in Salzburg and Cologne. As a much sought-after soloist, Lutermann regularly performs in Europe, North and South America, and Africa as an organist and pianist at major festivals and concert series. As a chamber music partner he complements his repertoire and field of activity.</p>
<p>Various CD recordings as well as radio and television recordings reflect his wide-ranging repertoire and intensive engagement with questions of historical performance practice. As a conductor, Lutermann delights audiences on stages at home and abroad with his various choirs. Prizes at international competitions testify to the high quality of his choral work. Invitations as a speaker and juror round off his activities.

Translated with www.DeepL.com/Translator (free version)</p>
<p>In 2010, Lutermann initiated the 1st European Children's and Youth Choir Meeting "Sing We And Chant It", which with its affiliated symposium on the topic of "Tendencies and Developments of the Children's Voice" promoted the choral work of the next generation. The promotion of the young generation extends further to various cooperation projects with the Goethe Institute in Ghana and Burkina Faso.</p>
<p>[/et_pb_text][/et_pb_column][et_pb_column type=&#8221;1_3&#8243; _builder_version=&#8221;4.5.7&#8243; _module_preset=&#8221;default&#8221;][et_pb_divider divider_weight=&#8221;3px&#8221; _builder_version=&#8221;4.5.7&#8243; _module_preset=&#8221;default&#8221; width=&#8221;40%&#8221;][/et_pb_divider][et_pb_text _builder_version=&#8221;4.5.7&#8243; _module_preset=&#8221;default&#8221;]</p>
<p>Lutermann works as <a href="https://www.matthaeusmusik.de/" target="_blank" rel="noopener noreferrer"><strong>Church musician at the St. Matthäus church in Melle</strong></a>where he plays and organizes concerts around the historic Klausing organ from 1713, restored by Hendrik Ahrend. In addition, he is a lecturer for choral conducting at the <a href="https://www.hs-osnabrueck.de/ifm/" target="_blank" rel="noopener noreferrer"><strong>Osnabrück University</strong></a> and director of the multiple award-winning chamber choir <a href="https://www.vokalconsort.de/" target="_blank" rel="noopener noreferrer"><strong>Vokalconsort Osnabrück</strong></a>.</p>
<p>In recent years, Lutermann, together with choreographer Lars Scheibner, has been intensively engaged in the scenic realization of choral works. In particular, their work with the St. John Passion by J. S. Bach and the German Requiem by Johannes Brahms have received widespread attention and enthusiasm. The foundation of the European top ensemble <a href="https://choreos20.eu/news/" target="_blank" rel="noopener noreferrer"><strong>CHOREOS</strong></a> in 2016 is ultimately the logical continuation of this innovative work. It is the first ensemble of its kind in the world.</p>
<p>[/et_pb_text][/et_pb_column][/et_pb_row][/et_pb_section][et_pb_section fb_built=&#8221;1&#8243; _builder_version=&#8221;4.5.7&#8243; _module_preset=&#8221;default&#8221; background_color=&#8221;#f4f4f4&#8243;][et_pb_row _builder_version=&#8221;4.5.7&#8243; _module_preset=&#8221;default&#8221;][et_pb_column type=&#8221;4_4&#8243; _builder_version=&#8221;4.5.7&#8243; _module_preset=&#8221;default&#8221;][et_pb_text _builder_version=&#8221;4.5.7&#8243; _module_preset=&#8221;default&#8221; border_width_bottom=&#8221;3px&#8221; border_color_bottom=&#8221;#ffffff&#8221;]</p>
<h4>We are CHOREOS</h4>
<p>[/et_pb_text][/et_pb_column][/et_pb_row][et_pb_row _builder_version=&#8221;4.5.7&#8243; _module_preset=&#8221;default&#8221;][et_pb_column type=&#8221;4_4&#8243; _builder_version=&#8221;4.5.7&#8243; _module_preset=&#8221;default&#8221;][et_pb_filterable_portfolio posts_number=&#8221;50&#8243; include_categories=&#8221;3,7,9,8&#8243; _builder_version=&#8221;4.5.7&#8243; _module_preset=&#8221;default&#8221;][/et_pb_filterable_portfolio][/et_pb_column][/et_pb_row][/et_pb_section]</p>

<p>Stephan Lutermann wurde in Osnabrück/Deutschland geboren und studierte in Salzburg und Köln Orgel, Kirchenmusik und Chorleitung. Als vielgefragter Solist tritt Lutermann in Europa, Nord- und Südamerika sowie Afrika als Organist und Pianist regelmäßig bei bedeutenden Festivals und Konzertreihen auf. Als Kammermusikpartner ergänzt er sein Repertoire und Tätigkeitsfeld. Verschiedene CD-Einspielungen sowie Rundfunk- und Fernsehaufnahmen spiegeln sein breitgefächertes [&hellip;]</p>
